True
Let c(g) = g**3 - 2*g**2 - 11*g - 44. Is 16 a factor of c(14)?
False
Does 25 divide (81/(-12))/(-3*7/1400)?
True
Suppose 0 = -5*h + h. Let n be (h + -2)/((-6)/51). Suppose -g = -4 - n. Does 21 divide g?
True
Suppose -6*q - 4 = -58. Suppose -q*w - w = -100. Is 5 a factor of w?
True
Suppose -4*h = 2*r - 22, 13 = -2*r + h + 2*h. Let n(o) = o + 15*o**3 + 2*o - 2 + 2*o**3. Does 9 divide n(r)?
True
Let l(c) = c**2 + c - 1. Let s(a) = -a**3 - 3*a**2 - 2*a - 4. Let v(w) = -3*l(w) - s(w). Suppose 2*b - 10 = -4*k, 2*k = k + b - 5. Does 7 divide v(k)?
True
Suppose -11 = -3*d + z, -d + 18 = 3*d + 2*z. Suppose -2*p + d*p = 0. Suppose -6*o + 4*o + 28 = p. Does 14 divide o?
True
Let x be (144/(-1))/((-14)/21). Suppose 0 = 2*m - 4*f - x, -2*m + 4*f = 3*m - 558. Suppose 4*l + m = 10*l. Is 5 a factor of l?
False
Let i be (-19580)/140 - (-2)/(-14). Does 8 divide (-84)/(-10)*i/(-21)?
True
Suppose 40*o + 344 = 42*o. Is 20 a factor of o?
False
Suppose -5*v - 4*q + 139 = -291, -v + 80 = 2*q. Does 9 divide v?
True
Let x = -23 + 72. Suppose 50*l = x*l + 180. Is 10 a factor of l?
True
Let n = 46 + -27. Let y = n - 11. Suppose -3*t = -5*t + y. Does 3 divide t?
False
Let m be (6*3)/((-19)/(-38)). Let w = m + -27. Does 5 divide w?
False
Suppose h - j = -5*j, -4*h - 4*j = -24. Suppose -h*w + 329 = -w. Is w a multiple of 12?
False
Let i = 68 - 30. Suppose 2*z - 5*c - i = 0, 3*z - z - 62 = -c. Suppose -t + z = 3. Does 13 divide t?
True
Suppose -4*w = 5*g + 556, 6*g - 654 = 5*w + 2*g. Let h = 250 + w. Is h a multiple of 29?
True
Suppose 0 = -24*o + 23*o. Suppose -4*d + 4*c + 136 = o, -d + 136 = 3*d - 2*c. Is 21 a factor of d?
False
Is -8 - 21/(-3) - (-301)/1 a multiple of 35?
False
Let s be 6/((45/6)/(-5)). Let a(x) = -x**3 - 3*x**2 + 2*x - 3. Does 5 divide a(s)?
True
Let y(m) = 29*m**3 - 2*m**2 + 12*m - 4. Is y(2) a multiple of 5?
False
Let d = -1569 + 2210. Does 23 divide d?
False
Suppose -11*m - 3840 = -17*m. Is 33 a factor of m?
False
Let t be (-8)/12*(-2 + -1). Suppose -5*w + 0 - t = 3*g, -g = -2*w + 8. Suppose 4*n - 98 = -5*q, w*n + 2*n = -4*q + 76. Is q a multiple of 11?
True
Let m(y) = y - 59. Let g be m(-11). Does 48 divide (-344)/(-7) - (-10)/g - 1?
True
Let v(j) = j**3 - 2*j**2 - 7*j + 2. Suppose -5*f = -5*g, 0 = 5*f - 0*g + g - 12. Let k be 1/f - (-45)/10. Is v(k) a multiple of 14?
True
Suppose -7*n - 632 = n. Let k = -55 - n. Is k a multiple of 9?
False
Suppose 321*r = 330*r - 6651. Does 30 divide r?
False
Is 81/(-972) - (-8317)/12 a multiple of 12?
False
Let t(u) = -32*u + 63. Is t(-6) a multiple of 9?
False
Suppose -3*q - 3248 = -5*v - 2*q, 5*v - 2*q - 3246 = 0. Does 65 divide v?
True
Let f(q) = 26*q - 86. Is f(19) a multiple of 34?
True
Let o(w) = -w**2 + w. Let p be o(0). Suppose 4*v = -p*v - 16. Let f = 11 + v. Is f even?
False
Let w(b) = 2*b + 23. Let d be w(-13). Let j(k) = -11*k**3 - 2*k**2 + 5*k + 10*k**3 + 2 + 4*k**2. Is j(d) a multiple of 32?
True
Suppose 9 = 11*x - 8*x. Let n(f) = 14*f. Let h be n(x). Is 10 a factor of (2 + 0)/(7/h)?
False
Suppose -2*k + 3*k = 0. Suppose -4*f + k*f + 223 = -5*p, -2*f - p = -101. Does 13 divide f?
True
Is 112 a factor of 2/7*(770364/56 + -5)?
False
Let f = -51 + 21. Let z = -7 - f. Does 7 divide z?
False
Does 33 divide (-129 - -63)/((-3)/54)?
True
Is (-4)/34 + 1342848/442 a multiple of 98?
True
Let q(m) = m + 1. Let h(b) = 2*b + 11. Let l(j) = -h(j) + 3*q(j). Let t be l(6). Is 3 + (7 - (-5 - t)) a multiple of 8?
False
Suppose -4*l - l = -10. Suppose 394 = 5*w - l*c - 308, 3*w = c + 422. Is w a multiple of 18?
False
Let j(m) = 15*m + 4. Suppose 2*t = 3*t + 5*n - 17, -3*t - 6 = -4*n. Let i be j(t). Let z = 182 - i. Is 38 a factor of z?
False
Suppose 2*c + 287 = 1061. Is c a multiple of 43?
True
Let d(h) = h**3 + 24*h**2 + 24*h + 26. Let u be d(-23). Suppose 0 = -7*s + u*s + 68. Is 3 a factor of s?
False
Let p(r) = -r**2 - 25*r + 24. Let l be (21/4)/(4/(-16)). Is 35 a factor of p(l)?
False
Does 28 divide (72*-1)/(66/(-231))?
True
Let m(x) = x**3 - 26*x**2 + 7*x + 14. Let o be m(26). Suppose -31 = -2*k + 5*c, 4*c + 69 = 6*k - k. Suppose 11*b - k*b + o = 0. Does 22 divide b?
False
Suppose 2*i - 25 + 33 = 0. Is ((-121)/(-22))/((-2)/i) a multiple of 11?
True
Let r(z) = 3*z**2 - 44*z + 71. Is 27 a factor of r(25)?
False
Suppose 0 = -39*v + 43*v - 32. Suppose 4*b - 3*u = 285, -3*u = 4*b - v*u - 283. Is b a multiple of 6?
True
Suppose -2*c + 3*m - 625 = -0*c, -m - 5 = 0. Is 6 a factor of (135/(-4))/(5/(c/24))?
True
Let k(d) = -2*d - 4. Let x be k(-3). Suppose 0*q = -q + x. Suppose 0 = -q*z + 13 + 9. Is 9 a factor of z?
False
Let t = -323 - -544. Let b = t + -152. Is b a multiple of 23?
True
Suppose i + 5*z + 1 = 4*z, 0 = -z - 2. Let b be 0*((-20)/16 + i). Suppose -2*p + 2*d = -10, p - 4*d + b*d + 7 = 0. Does 2 divide p?
False
Suppose 4*s + 2*m + 2 = 0, 4*s - 5 - 2 = m. Suppose 2*a + 7 = -s, 2*b = 3*a + 264. Does 27 divide b?
False
Let j(o) = o**2 + 7*o + 9. Let p be j(-5). Is 3 a factor of p/(-5) + 59/5?
True
Let y(b) = 5*b**3 + 63*b**2 + 15*b + 36. Is 48 a factor of y(-12)?
True
Let r be (39/(-12) - -2)*-4. Suppose -45 = -r*o + 25. Is (108/o)/((-3)/(-14)) a multiple of 9?
True
Let v(p) = p**2 + 2*p - 6. Let m be v(-4). Suppose -m*q + 0*q + 10 = 0. Suppose 0 = -5*g + 2*s + 50, 4*g + 23 = q*g - 3*s. Is g a multiple of 8?
True
Suppose 2*g - 887 = d, -d - 323 = -g + 120. Does 33 divide g?
False
Let f(s) be the first derivative of -26*s**2 + 3*s - 25. Is 5 a factor of f(-1)?
True
Suppose -34 = -4*z + 3*p, -2*p + 1 - 7 = -z. Is z a multiple of 5?
True
Let p(n) = -50*n**2 + 3*n + 3. Let d be p(-2). Does 12 divide (d/2)/(-7)*2?
False
Let g(m) = m**3 + 22*m**2 + 5*m - 7. Does 63 divide g(-20)?
True
Suppose 0 = -2*m + 17 - 7. Suppose 5*u - m*n = 295, n - 6*n + 153 = 3*u. Suppose 19 = 3*b - u. Does 8 divide b?
False
Suppose -27*n + 4422 = -16*n. Let s = n + -161. Is 39 a factor of s?
False
Let t(a) = -a**3 + 8*a**2 - 12*a + 2. Let w be t(6). Let k(d) = 14*d**2 + 9*d - 18. Is 28 a factor of k(w)?
True
Let l = -8 + 13. Suppose -h - s + 34 = 0, -h - l*s - 118 = -4*h. Does 18 divide -7*(-11)/(77/h)?
True
Suppose -5*i = 10, -3*h + 3*i + 50 = -28. Let r = 38 - h. Suppose r = 5*u - 4*u. Does 7 divide u?
True
Suppose -k + 2*k + 2*j = -22, -3*k = -4*j + 56. Let q = k + 139. Is q a multiple of 8?
False
Suppose 106 = -2*i + 328. Does 37 divide i?
True
Let t(z) = z + 3. Let r be t(-3). Suppose -o = -3*k + 126, r = -5*k + 3*o + 2*o + 200. Suppose -2*p + 79 = 5*n, p - 2*p + n = -k. Is 14 a factor of p?
True
Let c(i) = i**2 - 11*i + 35. Let q be c(15). Suppose -t - 3*d = -q, -2*d - 3*d + 93 = t. Is t a multiple of 22?
False
Let w(k) = k - 5. Let d be w(9). Let l be (2 - -8) + -4 + -1. Suppose l*h - 2*b = 31 + 105, -d*b = -3*h + 90. Is 3 a factor of h?
False
Suppose 17*v - 4048 = 9*v. Is v a multiple of 20?
False
Let g(f) = f**3 + f**2 - 31*f + 18. Does 6 divide g(-6)?
True
Let g(m) = -92*m**3 - m + 2. Does 38 divide g(-2)?
False
Let y(s) = -s + 3. Let j be (-5)/(-5)*4 + -7. Is 6 a factor of y(j)?
True
Let n = 10 + -8. Suppose -5*i = -5*p - 5, -i + n = p - 3. Suppose -j + 36 = p*j. Is 11 a factor of j?
False
Suppose -22 = s - 239. Let r = -130 + s. Is 29 a factor of r?
True
Suppose 4*s - 2210 = -2*g, 0 = -18*g + 23*g + 5*s - 5525. Does 85 divide g?
True
Suppose 0*y = -2*y - 5*b + 188, 2*b = 2*y - 202. Let d be 3/60*5*12. Suppose -p + 42 = -0*p - 4*a, d*p - y = 3*a. Is p a multiple of 15?
True
Let m = -40 - -76. Suppose -m = -4*o + 5*z, 16 = -z - 3*z. Is o a multiple of 4?
True
Is (14/(-12) - -1)*-222 a multiple of 37?
True
Let l(r) be the second derivative of -r**3/6 - 4*r**2 - 6*r. Is 6 a factor of l(-17)?
False
Let l(x) = -x**3 - 14*x**2 - 17*x - 12. Let t(b) = -13*b - 17. Let h be t(-7). Suppose 0 = -5*f + 3*c - h, -24 = 3*f - 3*c + 24. Is 10 a factor of l(f)?
True
Let m(j) = j**3 + 25*j**2 + 47*j + 27. Let s be m(-23). Suppose 0*n - 2*n = 8, 2*z + 5*n - 288 = 0. Suppose s*x - z = 50. Does 10 divide x?
False
Let o(k) = 813*k**3 - 2*k + 1. Is 28 a factor of o(1)?
True
Suppose 3*i + v - 5363 = 0, -10*i + 7*i + 5351 = 4*v. Is 34 a factor of i?
False
Suppose -2*t - 3*g + 544 = 0, 7*g + 1353 = 5*t + 11*g. Is 61 a factor of t?
False
Let v be (-46)/115 + (-24)/(-10). Suppose -v*o + 2*r + 258 = 0, 4*r + 202 = -5*o + 802. Is 20 a factor of o?
False
L